ime factors of q.
2, 3
Suppose -118*x + 577251 - 343882 = -1361283. What are the prime factors of x?
2, 29, 233
Suppose 25*b + 1060 - 3985 = 0. Let u = b + 18. What are the prime factors of u?
3, 5
Let k = 88 - 17. Suppose -3*z = -r - 545 - k, 3*z - 5*r = 608. List the prime factors of z.
2, 103
Let h = 50990 + -9626. What are the prime factors of h?
2, 3, 383
Let y = 20266 + -4552. List the prime factors of y.
2, 3, 97
List the prime factors of 174070/103*58/10.
2, 13, 29
Let g(s) = s + 9. Let y be g(-3). Suppose -8*o - 266 = y*o. Let q(h) = -h**3 - 19*h**2 - 2*h + 27. List the prime factors of q(o).
5, 13
Suppose 3*n - 3*h = 3813, 10*h - 3825 = -3*n + 15*h. List the prime factors of n.
5, 11, 23
Let t(p) = p + 1. Let o be t(3). Suppose 0 = 3*v - o + 1, 0 = -4*w + 3*v - 563. Let m = w - -228. What are the prime factors of m?
2, 11
Suppose 2*k - 6 = 0, -2*b - 56*k = -58*k - 82036. What are the prime factors of b?
17, 19, 127
Let r(h) = 247*h + 889. List the prime factors of r(26).
3, 2437
Let v(b) = -b**2 + 17*b - 14. Let u be v(17). Let j = 24 + u. List the prime factors of j.
2, 5
Let m be (-865)/(-40) - (-6)/16. Suppose 104 = m*t - 14*t. List the prime factors of t.
13
Let z = 395 - 377. Suppose z*p + 4*n - 601 = 17*p, -621 = -p + n. What are the prime factors of p?
617
Suppose -43*n = 105 - 19. Let k(p) = -141*p**3 - 3*p**2 + 3*p + 2. What are the prime factors of k(n)?
2, 139
Let g(u) = u**2 + 11*u - 10. Let i be g(-12). Suppose -2*m - 1168 = -3*q, -510 - 278 = -i*q - m. What are the prime factors of (q/4)/(10/5)?
7
Suppose -305*u + 2072996 + 716103 = -329221. What are the prime factors of u?
2, 3, 71
List the prime factors of (-14 - (-17 - 2) - (-18)/(-4))*34052.
2, 8513
Let t = -27 + 46. Suppose 2*k = k + 3*u + t, -5*u = 15. List the prime factors of (124/(-10))/(k/(-50)).
2, 31
Suppose -55 = 15*m - 10*m. Let q = m - 90. Let a = 211 + q. List the prime factors of a.
2, 5, 11
Suppose 0 = -18*j - 11*j + 97672. List the prime factors of j.
2, 421
Let r(h) = -9*h**3 - 6*h**2 + 65*h + 2. Let f be r(-9). Suppose 31518 = 14*i + f. List the prime factors of i.
11, 13
Let g(j) = 96*j + 49. Let i(v) = 291*v + 148. Let q(k) = 8*g(k) - 3*i(k). List the prime factors of q(-9).
19, 47
Suppose -13 = 3*j - o, -j + o = -5*j - 22. Let m(z) = -z**3 - 5*z**2 - 4. Let t be m(j). Let f = t + 59. What are the prime factors of f?
5, 11
Let p(r) = r**3 + 5*r**2 + 2. Let u be p(-4). Let i(f) = -f**2 + 19*f. What are the prime factors of i(u)?
2, 3
Let s(v) = 5*v**2 + 33*v + 21. Let r be s(-13). Let d = -267 + r. What are the prime factors of d?
2, 5, 17
Let x = 153 + 129. Let j(k) = 13*k**2 + 6. Let z be j(6). Let a = z - x. What are the prime factors of a?
2, 3
Let q = -24 + 36. Suppose -p - 5*p = -q. Suppose 4*m + 3*u - 85 = 0, -p*m + 10 = -u - 45. List the prime factors of m.
5
Let n = -47 - -41. Let l be -17*(-3)/(-2)*16/n. Suppose 5*i = -3*b + l, 2*b = -3*b - 4*i + 96. List the prime factors of b.
2
Suppose -2732 = -5*i + 3*s + 47865, -s - 20238 = -2*i. List the prime factors of i.
67, 151
Suppose -5*o + s = 4588, 8*s = -o + 13*s - 908. Suppose 4 + 2 = -2*k. What are the prime factors of k + (o/(-4) - 1/(-2))?
227
Let y(p) = 75*p - 138. Let k be y(9). Suppose -w + 3912 = 5*n, 0 = n - 5*w - k - 235. List the prime factors of n.
2, 17, 23
Let i(l) = 120*l**2 - 5*l - 138. What are the prime factors of i(12)?
2, 3, 13, 73
What are the prime factors of 23/(805/282600) - (-10)/(-35)?
2, 11, 367
Let u = 729 - 724. Suppose 4*q = -2*v + 872, 11 = -u*q + 36. List the prime factors of v.
2, 3, 71
Let w(z) = z**3 - 9*z**2 + 9*z - 6. Suppose 47*c = 51*c - 32. Let k be w(c). Suppose t = 0, k = 3*h + 3*t - 274. What are the prime factors of h?
2, 23
Let h(v) be the third derivative of 77*v**5/60 - 5*v**4/24 + 7*v**3/6 + 2*v**2 + 98. What are the prime factors of h(-3)?
5, 11, 13
Let h(w) = w**2 + 15*w - 18. Let d be h(13). Suppose -127*i - d = -128*i. List the prime factors of i.
2, 173
Let p be (((-54)/8)/(-3))/((-125)/2000). List the prime factors of (-397)/(-3) + p/(-54).
7, 19
Let g = 11 + -1. Let f be 6 + -2*(-5)/g. Let o = f + 20. What are the prime factors of o?
3
Let c be ((44/(-66))/(4/(-6)))/1. List the prime factors of 64/480 - (5158/(-15) - c).
3, 5, 23
Let s be (-38)/76*(-10)/1. Suppose -s*c = -3*h + 487, -2*h - 5*c + 127 = -206. List the prime factors of h.
2, 41
Suppose -o - 482 = -4*v, 4*v + 14*o - 11*o - 490 = 0. Let n = 145 - v. Suppose 0 = 26*j - n*j - 24. What are the prime factors of j?
2, 3
Suppose 0 = j - 5*s - 13, -6*j = -2*j - 3*s - 1. Let v be -17*(2 - 4) + j. Let u = -17 + v. What are the prime factors of u?
3, 5
Let m = -11206 + 14366. What are the prime factors of m?
2, 5, 79
Let w(t) = 20*t + 6. Let s(a) = -39*a - 11. Let b(p) = 3*s(p) + 5*w(p). Let k be 10*6/45*-3. List the prime factors of b(k).
5, 13
Let o(x) = 28*x + 257. Let h be o(-9). Suppose -5*j - 30 = 5*a, -2*j - 12 = 3*j - a. List the prime factors of -2 - -198 - (j + h).
2, 97
Let w be 6/(7 - 13) + 24*-10. Let x = w - -1227. What are the prime factors of x?
2, 17, 29
Let r = 3860 - 1224. Suppose 7*c + 642 = m + 4*c, 4*m - r = -5*c. List the prime factors of m.
2, 3, 109
Let u be 4 + -3*(-2)/(-6). Suppose b = -v + 230, -u*v + 3*b + 685 = 5*b. List the prime factors of v.
3, 5
Suppose 29*x - 104787 = 686. What are the prime factors of x?
3637
Suppose -2*i + 4*t = -41340, 3*t + 58781 = 5*i - 44590. List the prime factors of i/20 + -4 - 1/(-5).
2, 5, 103
Let p(b) = 11*b - 10. Let k be p(6). Let r = -53 + k. Suppose 4*v = -r*a - 0*v + 234, -4*a = -v - 312. List the prime factors of a.
2, 3, 13
Let z(a) = a**3 - 12*a**2 - 31*a + 35. Let y be z(10). Let h = y - -1138. What are the prime factors of h?
3, 13, 17
Let d(u) = 30*u**2 - 8*u + 20. Let a be -3 + (-4 - -10 - -1). List the prime factors of d(a).
2, 3, 13
Suppose 3*v + 10 = 8*v. Let i be 158*(-2 + 5 + -2). Suppose i + 6 = v*c. List the prime factors of c.
2, 41
List the prime factors of 14*(-1)/(-4)*960192/1008.
2, 1667
Let l = 85427 + -38893. What are the prime factors of l?
2, 53, 439
Let o = -562 + 558. List the prime factors of 1/((-1)/(-3)) - (o + -229).
2, 59
Let i(b) = 9849*b**3 + b**2 + 65*b - 65. List the prime factors of i(1).
2, 5, 197
Suppose f - 1261 = 34. Suppose f = -10*k + 17*k. List the prime factors of k.
5, 37
Let t = 69 + -66. Suppose -3*a - 10 = -2*q + 5, 0 = -t*a - 15. Suppose q = -4*y + 161 + 375. What are the prime factors of y?
2, 67
Let z be (-2)/((-2)/(-1)) - (70 - 69). List the prime factors of ((-8)/z + -155)/(-1).
151
Let t(c) = -c**3 + 97*c**2 + 370*c + 860. List the prime factors of t(98).
2, 3, 2293
Suppose -4*m = -0*m - 144. Let x = 217 - 204. Suppose 0 = -x*q + 10*q + m. What are the prime factors of q?
2, 3
Let u = 265 + 8788. List the prime factors of u.
11, 823
Suppose 2*q + 1517 = 3*l, -2*q - 5*l - 1005 - 520 = 0. What are the prime factors of (0 + 17)/(5/(q/(-8)))?
17, 19
Let f(g) = 15*g**2 - 34*g + 63. What are the prime factors of f(17)?
2, 5, 191
Suppose 30*p + 23003 - 218497 = 72646. List the prime factors of p.
2, 41, 109
Suppose 3*c + 1971 - 108 = 3*f, 4*f - 2494 = 2*c. Let t = f - -326. List the prime factors of t.
2, 7, 17
What are the prime factors of 37460140/4298*28/10?
2, 6101
Suppose 5*f + 2697*o - 35790 = 2702*o, 5*f = -o + 35772. List the prime factors of f.
3, 5, 53
Let v(r) = r**2 + 2*r + 5. Let g be v(-5). Suppose 0 = c - 2*c + g. List the prime factors of (-2)/c + (-7294)/(-140).
2, 13
Let t = -136 - -158. Suppose -6*o = -t*o + 6448. List the prime factors of o.
13, 31
List the prime factors of (-56120)/(-14) - (-63)/147.
19, 211
Let g(l) = -l**3 - 2*l**2 + l - 1. Let r(b) = 4*b**3 + 6*b**2 + b + 15. Let d(y) = -2*g(y) - r(y). What are the prime factors of d(-5)?
2, 101
Let a(i) be the second derivative of -i**4/12 + 4*i**3/3 + 21*i**2/2 + 41*i. Let f be a(-4). List the prime factors of (-22 - f) + 12/2.
11
Suppose -3*s + 4*z = 115923, -3*s + z - 9097 = 106826. What are the prime factors of s/(-51) - 2/(-6)?
2, 379
List the prime factors of 50806 - (13 + -3 + -29).
5, 19, 107
Suppose -12 = 7*y - 10*y. Suppose -y*x - 2*x = -132. What are the prime factors of x/(-121) - 1346/(-22)?
61
Suppose 90*w - 195*w + 56403 = -96*w. List the prime factors of w.
3, 2089
Let d(p) = 2